t of 3320?
3
What is the units digit of 79507?
7
What is the tens digit of 466?
6
What is the thousands digit of 54909?
4
What is the thousands digit of 2699?
2
What is the ten thousands digit of 29860?
2
What is the hundreds digit of 10432?
4
What is the thousands digit of 6709?
6
What is the ten thousands digit of 17214?
1
What is the thousands digit of 79397?
9
What is the units digit of 921?
1
What is the hundreds digit of 3226?
2
What is the hundreds digit of 394?
3
What is the tens digit of 345?
4
What is the thousands digit of 10276?
0
What is the units digit of 2059?
9
What is the tens digit of 1010?
1
What is the hundreds digit of 8197?
1
What is the units digit of 5363?
3
What is the units digit of 577?
7
What is the tens digit of 1886?
8
What is the thousands digit of 25662?
5
What is the tens digit of 7491?
9
What is the hundreds digit of 140?
1
What is the thousands digit of 4335?
4
What is the hundreds digit of 1343?
3
What is the tens digit of 38930?
3
What is the tens digit of 13080?
8
What is the hundreds digit of 3473?
4
What is the tens digit of 190?
9
What is the tens digit of 9038?
3
What is the ten thousands digit of 20229?
2
What is the tens digit of 2519?
1
What is the thousands digit of 2247?
2
What is the thousands digit of 48508?
8
What is the units digit of 246?
6
What is the units digit of 922?
2
What is the hundreds digit of 378?
3
What is the thousands digit of 13996?
3
What is the thousands digit of 2879?
2
What is the units digit of 21660?
0
What is the hundreds digit of 483?
4
What is the hundreds digit of 1472?
4
What is the thousands digit of 12966?
2
What is the tens digit of 1148?
4
What is the tens digit of 4327?
2
What is the thousands digit of 1164?
1
What is the units digit of 829?
9
What is the hundreds digit of 11258?
2
What is the thousands digit of 1069?
1
What is the units digit of 16490?
0
What is the units digit of 8580?
0
What is the hundred thousands digit of 171145?
1
What is the thousands digit of 30929?
0
What is the units digit of 1194?
4
What is the hundreds digit of 2666?
6
What is the hundreds digit of 6894?
8
What is the units digit of 20035?
5
What is the units digit of 864?
4
What is the units digit of 24917?
7
What is the tens digit of 1956?
5
What is the hundreds digit of 1519?
5
What is the thousands digit of 32447?
2
What is the tens digit of 81377?
7
What is the thousands digit of 85371?
5
What is the ten thousands digit of 42239?
4
What is the thousands digit of 25533?
5
What is the tens digit of 6152?
5
What is the hundreds digit of 134610?
6
What is the tens digit of 1020?
2
What is the units digit of 1668?
8
What is the hundred thousands digit of 162446?
1
What is the hundreds digit of 737?
7
What is the units digit of 1599?
9
What is the thousands digit of 8104?
8
What is the tens digit of 31417?
1
What is the units digit of 2546?
6
What is the hundreds digit of 53134?
1
What is the hundreds digit of 2729?
7
What is the tens digit of 735?
3
What is the thousands digit of 168982?
8
What is the thousands digit of 17314?
7
What is the units digit of 277?
7
What is the hundreds digit of 1599?
5
What is the hundreds digit of 26540?
5
What is the units digit of 3186?
6
What is the hundreds digit of 45884?
8
What is the units digit of 838?
8
What is the hundreds digit of 4906?
9
What is the thousands digit of 1822?
1
What is the hundreds digit of 28480?
4
What is the thousands digit of 8458?
8
What is the units digit of 1142?
2
What is the tens digit of 5786?
8
What is the units digit of 543?
3
What is the ten thousands digit of 62645?
6
What is the units digit of 1940?
0
What is the hundreds digit of 1028?
0
What is the tens digit of 2273?
7
What is the tens digit of 4721?
2
What is the tens digit of 3367?
6
What is the thousands digit of 5863?
5
What is the units digit of 29079?
9
What is the units digit of 7232?
2
What is the units digit of 1897?
7
What is the units digit of 5130?
0
What is the hundreds digit of 3072?
0
What is the tens digit of 514?
1
What is the tens digit of 913?
1
What is the units digit of 556?
6
What is the ten thousands digit of 60165?
6
What is the units digit of 21596?
6
What is the hundreds digit of 868?
8
What is the ten thousands digit of 23304?
2
What is the tens digit of 611?
1
What is the units digit of 1086?
6
What is the thousands digit of 62252?
2
What is the hundreds digit of 7047?
0
What is the thousands digit of 7533?
7
What is the hundreds digit of 2367?
3
What is the tens digit of 69?
6
What is the tens digit of 6710?
1
What is the units digit of 12569?
9
What is the hundreds digit of 1915?
9
What is the hundreds digit of 51378?
3
What is the thousands digit of 3377?
3
What is the thousands digit of 12617?
2
What is the thousands digit of 19551?
9
What is the ten thousands digit of 18494?
1
What is the thousands digit of 92627?
2
What is the hundreds digit of 4695?
6
What is the units digit of 1283?
3
What is the hundreds digit of 18360?
3
What is the hundreds digit of 11086?
0
What is the tens digit of 99031?
3
What is the hundreds digit of 2298?
2
What is the hundreds digit of 11597?
5
What is the ten thousands digit of 30282?
3
What is the units digit of 47625?
5
What is the units digit of 6316?
6
What is the tens digit of 6590?
9
What is the thousands digit of 26118?
6
What is the hundred thousands digit of 111189?
1
What is the tens digit of 77?
7
What is the hundreds digit of 131081?
0
What is the hundreds digit of 2128?
1
What is the thousands digit of 25452?
5
What is the units digit of 1547?
7
What is the tens digit of 982?
8
What is the units digit of 2182?
2
What is the units digit of 2233?
3
What is the hundreds digit of 2060?
0
What is the thousands digit of 1447?
1
What is the hundreds digit of 28415?
4
What is the ten thousands digit of 13808?
1
What is the tens digit of 5732?
3
What is the thousands digit of 17991?
7
What is the thousands digit of 12564?
2
What is the units digit of 70?
0
What is the hundreds digit of 17029?
0
What is the hundreds digit of 175?
1
What is the hundreds digit of 6131?
1
What is the units digit of 2505?
5
What is the hundreds digit of 41681?
6
What is the ten thousands digit of 91531?
9
What is the tens digit of 933?
3
What is the tens digit of 940?
4
What is the tens digit of 976?
7
What is the thousands digit of 9950?
9
What is the units digit of 6524?
4
What is the units digit of 9202?
2
What is the tens digit of 14352?
5
What is the thousands digit of 5442?
5
What is the tens digit of 4216?
1
What is the tens digit of 9071?
7
What is the thousands digit of 19665?
9
What is the hundreds digit of 17761?
7
What is the tens digit of 7807?
0
What is the hundreds digit of 20377?
3
What is the tens digit of 1649?
4
What is the thousands digit of 16367?
6
What is the tens digit of 2064?
6
What is the tens digit of 5350?
5
What is the tens digit of 1869?
6
What is the tens digit of 311?
1
What is the units digit of 3247?
7
What is the hundreds digit of 440?
4
What is the ten thousands digit of 49084?
4
What is the tens digit of 6533?
3
What is the tens digit of 43210?
1
What is the tens digit of 3112?
1
What is the thousands digit of 15032?
5
What is the tens digit of 947?
4
What is the ten thousands digit of 12824?
1
What is the units digit of 8663?
3
What is the units digit of 80309?
9
What is the thousands digit of 2732?
2
What is the tens digit of 2166?
6
What is the tens digit of 5058?
5
What is the thousands digit of 96429?
6
What is the hundreds digit of 760?
7
What is the hundreds digit of 158530?
5
What is the hundreds digit of 764?
7
What is the units digit of 3424?
4
What is the hundreds digit of 10099?
0
What is the thousands digit of 31548?
1
What is the units digit of 21388?
8
What is the thousands digit of 1314?
1
What is the thousands digit of 5387?
5
What is the tens digit of 4670?
7
What is the hundreds digit of 590?
5
What is the hundreds digit of 1094?
0
What is the units digit of 77944?
4
What is the thousands digit of 1366?
1
What is the thousands digit of 1574?
1
What is the hundreds digit of 570?
5
What is the tens digit of 1651?
5
What is the thousands digit of 19523?
9
What is the tens digit of 710?
1
What is the units digit of 2149?
9
What is the hundreds digit of 84